 351108 is divided by 1205?
453
Calculate the remainder when 111694 is divided by 39.
37
Calculate the remainder when 108515 is divided by 3251.
1232
What is the remainder when 112269 is divided by 55437?
1395
What is the remainder when 20778 is divided by 1463?
296
Calculate the remainder when 39805397 is divided by 2358.
2357
What is the remainder when 3030436 is divided by 1515205?
26
What is the remainder when 359993 is divided by 59926?
437
What is the remainder when 1491102 is divided by 2782?
2732
Calculate the remainder when 428840 is divided by 12994.
38
Calculate the remainder when 3793272 is divided by 1896628.
16
What is the remainder when 20921 is divided by 9247?
2427
What is the remainder when 755386 is divided by 6326?
2592
What is the remainder when 98091 is divided by 1322?
263
Calculate the remainder when 8152531 is divided by 25799.
47
What is the remainder when 1631840 is divided by 21?
14
What is the remainder when 8065021 is divided by 15217?
11
What is the remainder when 80177 is divided by 945?
797
What is the remainder when 1443535 is divided by 2359?
2186
What is the remainder when 2956001 is divided by 471?
5
What is the remainder when 418213147 is divided by 3024?
3019
What is the remainder when 696221 is divided by 42?
29
What is the remainder when 98471770 is divided by 252?
250
Calculate the remainder when 311462 is divided by 632.
518
Calculate the remainder when 701233 is divided by 323.
0
What is the remainder when 8603497 is divided by 1546?
7
What is the remainder when 46836 is divided by 23?
8
Calculate the remainder when 3087025 is divided by 170.
165
What is the remainder when 6946463 is divided by 165?
128
Calculate the remainder when 1679955 is divided by 78.
69
What is the remainder when 210681 is divided by 210623?
58
Calculate the remainder when 74356234 is divided by 604522.
28
Calculate the remainder when 1325672 is divided by 265131.
17
What is the remainder when 6836 is divided by 2275?
11
What is the remainder when 1511308 is divided by 302255?
33
What is the remainder when 897689 is divided by 142?
107
What is the remainder when 3284458 is divided by 2556?
2554
Calculate the remainder when 465595842 is divided by 651.
642
Calculate the remainder when 49614 is divided by 3350.
2714
What is the remainder when 325896 is divided by 321349?
4547
Calculate the remainder when 2965 is divided by 947.
124
What is the remainder when 11841 is divided by 208?
193
What is the remainder when 21183939 is divided by 8980?
119
What is the remainder when 404837 is divided by 243?
242
Calculate the remainder when 15485422 is divided by 45279.
4
What is the remainder when 709716 is divided by 5180?
56
Calculate the remainder when 679493 is divided by 41.
0
What is the remainder when 18168472 is divided by 109?
25
What is the remainder when 68229 is divided by 17041?
65
What is the remainder when 1035517 is divided by 602?
77
What is the remainder when 608266 is divided by 15?
1
Calculate the remainder when 3948361 is divided by 1974173.
15
What is the remainder when 531219 is divided by 9836?
75
What is the remainder when 192305041 is divided by 308?
5
What is the remainder when 45224619 is divided by 45224619?
0
What is the remainder when 1228541 is divided by 87?
14
What is the remainder when 3004789 is divided by 600946?
59
What is the remainder when 210210 is divided by 208376?
1834
What is the remainder when 326434 is divided by 8246?
4840
Calculate the remainder when 7492831 is divided by 2234.
2229
Calculate the remainder when 1030130 is divided by 46823.
24
Calculate the remainder when 3395898 is divided by 645.
618
Calculate the remainder when 562132 is divided by 57.
55
What is the remainder when 260768 is divided by 383?
328
Calculate the remainder when 15643008 is divided by 2669.
2668
Calculate the remainder when 54725794 is divided by 46.
8
Calculate the remainder when 69414152 is divided by 75697.
3
Calculate the remainder when 963439 is divided by 923.
750
Calculate the remainder when 10971332 is divided by 443.
437
Calculate the remainder when 205510532 is divided by 44.
40
What is the remainder when 76837054 is divided by 1884?
1882
Calculate the remainder when 4559 is divided by 2297.
2262
What is the remainder when 1130371 is divided by 32?
3
What is the remainder when 2100673 is divided by 700195?
88
What is the remainder when 4177627 is divided by 835523?
12
What is the remainder when 422213 is divided by 107?
98
Calculate the remainder when 1002989 is divided by 30.
29
Calculate the remainder when 665328588 is divided by 173.
171
Calculate the remainder when 58636 is divided by 24.
4
What is the remainder when 39027723 is divided by 7805544?
3
What is the remainder when 11618773 is divided by 52102?
27
Calculate the remainder when 84875 is divided by 952.
147
What is the remainder when 155799 is divided by 6596?
4091
Calculate the remainder when 12390454 is divided by 228.
22
Calculate the remainder when 139996 is divided by 7692.
1540
What is the remainder when 213534 is divided by 1840?
94
What is the remainder when 206333 is divided by 4688?
61
What is the remainder when 61783 is divided by 7492?
1847
Calculate the remainder when 1256452 is divided by 86.
78
What is the remainder when 237883 is divided by 7122?
2857
What is the remainder when 1490533 is divided by 41?
19
What is the remainder when 12678605 is divided by 690?
545
Calculate the remainder when 1470918 is divided by 149.
139
Calculate the remainder when 210922779 is divided by 431.
430
What is the remainder when 58795559 is divided by 29397777?
5
Calculate the remainder when 4279117 is divided by 119.
115
Calculate the remainder when 1014851 is divided by 744.
35
What is the remainder when 781855 is divided by 765?
25
What is the remainder when 7751866 is divided by 3875927?
12
Calculate the remainder when 1715775 is divided by 332.
331
What is the remainder when 514349 is divided by 95?
19
What is the remainder when 122511285 is divided by 12?
9
What is the remainder when 9098489 is divided by 1137311?
1
Calculate the remainder when 19284371 is divided by 187.
183
What is the remainder when 8904 is divided by 2214?
48
What is the remainder when 3330874 is divided by 602?
8
Calculate the remainder when 4135304 is divided by 23.
19
What is the remainder when 150073 is divided by 448?
441
What is the remainder when 374754 is divided by 3638?
40
Calculate the remainder when 245834 is divided by 49.
1
Calculate the remainder when 40253710 is divided by 1308.
10
Calculate the remainder when 8793363 is divided by 26093.
22
What is the remainder when 19563 is divided by 129?
84
What is the remainder when 112548 is divided by 334?
324
What is the remainder when 47772197 is divided by 175?
172
Calculate the remainder when 3719951 is divided by 65262.
17
What is the remainder when 406551 is divided by 20?
11
What is the remainder when 1981542 is divided by 1038?
0
Calculate the remainder when 1518605 is divided by 388.
361
Calculate the remainder when 64432867 is divided by 3910.
3887
What is the remainder when 1902308 is divided by 52?
44
Calculate the remainder when 5359115 is divided by 1354.
1337
What is the remainder when 224479 is divided by 2250?
1729
Calculate the remainder when 2700410 is divided by 4.
2
What is the remainder when 9846 is divided by 5466?
4380
What is the remainder when 64304031 is divided by 2679334?
15
Calculate the remainder when 678942 is divided by 180.
162
What is the remainder when 5031035 is divided by 6735?
6725
What is the remainder when 63410887 is divided by 5764625?
12
Calculate the remainder when 5246396 is divided by 50.
46
What is the remainder when 15458023 is divided by 594539?
9
What is the remainder when 23940042 is divided by 684001?
7
What is the remainder when 27799288 is divided by 347491?
8
What is the remainder when 14445831 is divided by 4815243?
102
Calculate the remainder when 4746259 is divided by 6.
1
Calculate the remainder when 194699231 is divided by 306.
305
Calculate the remainder when 29162558 is divided by 1353.
1349
What is the remainder when 549711 is divided by 181062?
6525
Calculate the remainder when 8592162 is divided by 51.
39
What is the remainder when 283104